((-16)/(-6))/((-8)/(-24)). Suppose 0 = 4*z + 2*c - 52, -3*c + 6*c = -4*z + 52. Calculate the remainder when (-51)/2*y/(-4) is divided by z.
12
Suppose w + 4*l - 99 = 0, 297 = -14*w + 17*w - 3*l. What is the remainder when 206 is divided by w?
8
Calculate the remainder when (-1)/(26/(-594)) - 24/(-156) is divided by 7.
2
Let t = -1729 + 1790. What is the remainder when 166 is divided by t?
44
Let q be (2 - (-20)/(-8))*-42. Let b be 1/(85/q - 4). Suppose -6*g = b - 81. Calculate the remainder when 39 is divided by g.
9
Let m(n) = -13*n + 16. Let k be m(-10). Suppose -k = h - 3*h. What is the remainder when h is divided by 15?
13
Calculate the remainder when (3/(5 + 1))/(5/4890) is divided by 82.
79
Suppose -4*p + 292 = 5*t + 39, 5*t + 2*p = 259. Suppose 0 = 11*l - 760 - 373. Calculate the remainder when l is divided by t.
50
Suppose 45 - 135 = -5*v. Suppose 2*m + v - 138 = 0. What is the remainder when m is divided by 21?
18
Let f(o) = -77 - o**3 + o**2 - 2*o + 178 + 0*o**3. What is the remainder when f(0) is divided by 34?
33
What is the remainder when 119 is divided by (6/(-21))/(36/63)*-28?
7
Let l = -133 + 138. What is the remainder when 36 is divided by l?
1
Suppose -2*c - 24 = -4. Let y = -22 + c. Calculate the remainder when 46 is divided by (y/(-6))/((-1)/(-3)).
14
Suppose -71 = -3*a + 5*y, -3*a = 2*y - 41 - 2. Let l(f) = f**2 - 11*f + 24. Calculate the remainder when l(15) is divided by a.
16
Let a = 142 + -118. Suppose -7*y + 4*y = -a. What is the remainder when 47 is divided by y?
7
What is the remainder when (0 - -5) + (762/6 - 4) is divided by 12?
8
Suppose 0 = s - 85 + 64. Calculate the remainder when 166 is divided by s.
19
Calculate the remainder when 67 is divided by 4/6 + (-25)/(-3) + 5.
11
Let f be (-340)/8*(-4)/5. Suppose 0 = x - 0*x - f. Calculate the remainder when 9 is divided by 6/(-24) + x/8.
1
Suppose -12*g + 142 = 10. What is the remainder when ((-148)/8)/(1/(-2)) is divided by g?
4
Suppose -909 = -7*y - 321. Let o = y + -59. What is the remainder when 47 is divided by o?
22
Let l = -128 - -173. What is the remainder when l is divided by 8?
5
Let j be 1*1*48 - 3. Suppose 0 = -7*i + 6*i + j. What is the remainder when i is divided by 10?
5
Suppose 10 = -5*c - 5*l, -2*c + l + 2 = -0. Suppose s + 5 = c, -i - 2*s = i - 110. Calculate the remainder when i is divided by 21.
18
Suppose -12*g + 278 + 118 = 0. Suppose -i - 5 = 0, 3*i + 51 = -z + 5*z. What is the remainder when g is divided by z?
6
Let t(y) = -3*y**2 - 36*y + 13. Let k be t(-12). Suppose -k*p + 8*p + 4*w = -189, 0 = -3*p - 2*w + 109. Calculate the remainder when 67 is divided by p.
30
Let z(f) = -f**2 + 9*f + 8. Let d be z(9). Suppose 0 = -2*l - 3*o + 177 - d, 4*l - 5*o - 327 = 0. What is the remainder when l is divided by 17?
15
Suppose 4 = -2*s, 3*c - 3*s - 24 = -162. What is the remainder when 73 is divided by 298/c*-4 - 2/(-12)?
23
Let z = -273 + 306. Calculate the remainder when 141 is divided by z.
9
Let m be -10*(-30)/12*(-4)/(-25). Suppose -5*r + 60 = m*g, -56 = -5*g - 3*r + 6. What is the remainder when 33 is divided by g?
3
Let p = 1022 - 977. What is the remainder when 75 is divided by p?
30
Calculate the remainder when 0*6/(-24) - -374 is divided by 13.
10
Let b(o) = 5*o**2 - 29*o - 17. What is the remainder when b(9) is divided by 40?
7
Let u be -5 - -9 - (1 - 0). Suppose -f + 29 = -5*n, 0 = -0*f - 2*f + u*n + 72. Calculate the remainder when f is divided by 10.
9
Let l = -8 + 7. Calculate the remainder when 17 + -13 + (198 - 1 - l) is divided by 41.
38
Let y(v) = -v + 9. Let t be y(-9). Suppose 0*x + 2*r - t = 2*x, 0 = 4*x + 4*r - 4. Let q(g) = -18*g + 4. What is the remainder when q(x) is divided by 26?
24
Let z be -5 + (3 - 7)/(-4). Let p be (-5)/(4 + z - 1). Calculate the remainder when 88*(p + -1 + -3) is divided by 30.
28
Calculate the remainder when 36/63 - 846/(-14) is divided by 13.
9
Suppose 0*w - w - 2 = 0. Let o = 35 + -15. Let l = w + o. Calculate the remainder when l is divided by 5.
3
Suppose 4*b = -4, -3*z + 3*b - 1 = -34. What is the remainder when 27 is divided by z?
7
Suppose -5*i + 63 = -22. What is the remainder when i is divided by 5/((-9)/(-12) - (-92)/(-16) - -6)?
2
Calculate the remainder when 13 is divided by 32/10*(36/(-8) + 7).
5
Let i be (1 - (-520)/3) + (-7)/21. Suppose -4*y - 3*k + k + i = 0, 0 = -y + 2*k + 36. Calculate the remainder when y is divided by 16.
10
Suppose 0 = 12*t - 10*t - 94. Calculate the remainder when 177 is divided by t.
36
Suppose 4*t - 55 = 37. Let r(j) = 19*j + 2. Let w be r(2). Suppose -f = 4*f - w. Calculate the remainder when t is divided by f.
7
Let u = 79 - 58. What is the remainder when ((-196)/(-147))/(4/99) is divided by u?
12
Suppose -3*t + t = -246. Suppose t - 375 = -4*j. Let d = 38 - 16. What is the remainder when j is divided by d?
19
Suppose 2*a - 3*n - 54 = 0, -a - 2*n + 4*n + 26 = 0. Suppose 0 = 3*x - 0*x - a. Calculate the remainder when 19 is divided by x.
9
Let i(p) = 7*p + p**2 + 0*p**2 + 0*p**2. Let r(u) = -2*u**3 + 34*u**2 - 8. Let h be r(17). What is the remainder when 31 is divided by i(h)?
7
Suppose 2*q - 277 - 217 = -5*d, -2*d + 4*q = -188. Calculate the remainder when d is divided by 36.
26
Suppose 3*s - 33 = -3*m, 27*s = 31*s + m - 35. Suppose 0 = -z + 23 - 3. What is the remainder when z is divided by s?
4
Suppose v + 3 = t, -v + 18 = 2*t + v. Suppose 4*k = -t + 22. Suppose -15 = -2*f + 4*o + 5, -2*f + 10 = o. Calculate the remainder when f is divided by k.
2
Suppose -16 = -4*o - 28. Suppose 33 = 4*x - 4*f + 5, 16 = 3*x + 2*f. Calculate the remainder when x is divided by 1 - 0 - (-4)/(-6)*o.
0
Let m be (-153)/34*4/3. What is the remainder when ((-8)/m - 3)/(7/(-189)) is divided by 14?
3
Let f(x) = -3*x**3 - 10*x**2 - 21*x + 47. Let d(q) = q**3 + 3*q**2 + 7*q - 16. Let w(k) = 17*d(k) + 6*f(k). What is the remainder when 4 is divided by w(-8)?
0
Suppose -4*n - 304 = -80. Suppose -f + 15 - 3 = 0. Calculate the remainder when (23/(-4))/(7/n) is divided by f.
10
Calculate the remainder when 144 is divided by (-9)/3 + 11 + -3 + 44.
46
Let d(w) = 4*w**2 - 18*w - 5. Let g be d(7). Suppose g + 75 = 7*h. Calculate the remainder when 78 is divided by h.
18
Suppose -2*q - 4*c - 42 = -8*c, 3*q = -2*c - 31. Let n = 30 + q. Suppose -4*u = 3*z - 14, u + 1 = z - 6. What is the remainder when n is divided by z?
5
Suppose -11*b = -12*b - 5. What is the remainder when 38 is divided by ((-1072)/10)/(-8) - (-2)/b?
12
Let s(x) = 2*x**2 + 11*x - 3. Let y be s(-6). Suppose -y*u = -6*u + 195. Calculate the remainder when u is divided by 22.
21
What is the remainder when 381 is divided by (-15)/2*7072/(-1105)?
45
Suppose 3*g = 3*d - 177, 0 = g + 2 - 0. What is the remainder when d is divided by 57?
0
Let y = 4 + -16. Let u = y - -76. What is the remainder when u is divided by 17?
13
Let x(t) = -2*t**3 - 11*t**2 - 23*t - 8. Calculate the remainder when 66 is divided by x(-2).
6
Calculate the remainder when (-630)/(-40)*(-12)/14*-6 is divided by 15.
6
Let y be (3 - 33/12) + (-77)/(-28). Let i = 44 - 25. Let d = i - y. What is the remainder when 29 is divided by d?
13
Let c(x) = x**3 + 18*x**2 - 22*x - 26. Calculate the remainder when 116 is divided by c(-19).
23
Let y(p) = 20*p**3 + 4*p**2 - 29*p + 50. Let r(k) = 7*k**3 + k**2 - 10*k + 17. Let w(a) = -17*r(a) + 6*y(a). What is the remainder when w(-6) is divided by 24?
23
Let u(f) = 2*f + 6. Let s be u(0). Calculate the remainder when 10/15 - (-86)/s is divided by 8.
7
Suppose -57*k + 59*k - 66 = -3*m, -2*m = -4*k - 28. Calculate the remainder when m is divided by 15.
5
Let d be 2 + 3*8/4. Let h(j) = j**3 - 7*j**2 - 2*j - 8. Let p be h(d). Calculate the remainder when 37 is divided by 1/(-3) + p/3.
11
Let q(p) = -4*p**2 + 111*p + 91. What is the remainder when 180 is divided by q(27)?
8
Let d(l) = -74*l + 1788. Calculate the remainder when 45*1/2*2 is divided by d(24).
9
Let a = 13 - 18. Suppose -20*f + 102 = -118. What is the remainder when f is divided by (-1)/(-2) + a/(-2)?
2
Let p(c) = 5*c + 10. Let y be p(-8). Let b = 42 + y. What is the remainder when 34 is divided by b?
10
Suppose 69*y - 79*y = -320. Calculate the remainder when 94 is divided by y.
30
Let p(g) = g**2 - 10*g - 5. Let o be 3/6*0*1. Suppose o = -0*k - 4*k - 4*x + 20, 9 =